{"id":138,"date":"2022-03-10T19:28:39","date_gmt":"2022-03-10T19:28:39","guid":{"rendered":"https:\/\/jennylacika.com\/?page_id=138"},"modified":"2026-03-05T22:08:16","modified_gmt":"2026-03-05T22:08:16","slug":"essie-otra-vez","status":"publish","type":"page","link":"https:\/\/jennylacika.com\/home\/books\/essie-otra-vez\/","title":{"rendered":"\u00a1ESSIE! \u00bfOTRA VEZ? \/ AGAIN, ESSIE?"},"content":{"rendered":"\n<div class=\"wp-block-columns is-layout-flex wp-container-core-columns-is-layout-9d6595d7 wp-block-columns-is-layout-flex\">\n<div class=\"wp-block-column is-layout-flow wp-block-column-is-layout-flow\">\n<figure class=\"wp-block-image size-large\"><img loading=\"lazy\" decoding=\"async\" width=\"700\" height=\"700\" src=\"https:\/\/jennylacika.com\/wp-content\/uploads\/2022\/03\/Essie-Otra-Vez.jpg\" alt=\"Cover of \u00a1ESSIE! \u00bfOTRA VEZ? \/ AGAIN, ESSIE? by Jenny Lacika and Teresa Mart\u00ednez: A sky blue background with a joyful little girl bursting into the scene with arms raised and a wide smile, and an older boy scrambling to collect household items. The Storytelling Math series logo can be seen in the upper right corner.\" class=\"wp-image-249\" srcset=\"https:\/\/jennylacika.com\/wp-content\/uploads\/2022\/03\/Essie-Otra-Vez.jpg 700w, https:\/\/jennylacika.com\/wp-content\/uploads\/2022\/03\/Essie-Otra-Vez-300x300.jpg 300w, https:\/\/jennylacika.com\/wp-content\/uploads\/2022\/03\/Essie-Otra-Vez-150x150.jpg 150w\" sizes=\"auto, (max-width: 700px) 100vw, 700px\" \/><\/figure>\n\n\n\n<p><\/p>\n<\/div>\n\n\n\n<div class=\"wp-block-column is-layout-flow wp-block-column-is-layout-flow\">\n<\/p>\n\n\n\n<div class=\"wp-block-group\"><div class=\"wp-block-group__inner-container is-layout-constrained wp-block-group-is-layout-constrained\">\n<p style=\"font-size:34px; line-height:1.2\"><strong> \u00a1Essie! \u00bfOtra vez? \/<\/strong> <strong>Again, Essie?<\/strong><\/p>\n<\/div><\/div>\n\n\n\n<p>por Jenny Lacika<br>ilustrado por Teresa Mart\u00ednez<br>traducido por Carlos E. Calvo<br>publicado por Charlesbridge Publishing <br>18 octubre 2022 <br>Hardcover ISBN: 9781623542214<br>Paperback ISBN: 9781623542221<br>Ebook ISBN: 9781632893154<\/p>\n<\/div>\n<\/div>\n\n\n\n<p>A <a href=\"https:\/\/educate.bankstreet.edu\/cgi\/viewcontent.cgi?article=1023&amp;context=ccl\">Bank Street Books<\/a> Best Children&#8217;s Picture Book of the Year in Spanish for 2023.<\/p>\n\n\n\n<p>Featuring two Chicanx siblings, and their family in the background, this bilingual picture book provides a fun view of how math and problem-solving skills can be applied in the everyday. &#8211; <a href=\"https:\/\/www.slj.com\/review\/essie-otra-vez-again-essie\">SLJ, starred review<\/a><\/p>\n\n\n\n<p>A playful tale to encourage spatial awareness and creativity. &#8211; <a href=\"https:\/\/www.kirkusreviews.com\/book-reviews\/jenny-lacika\/essie-otra-vez-again-essie-spanish-edition\/\">KIRKUS<\/a><\/p>\n\n\n\n<p><strong>\u00a1Celebremos la diversidad, las matem\u00e1ticas y el poder del cuento!<\/strong><\/p>\n\n\n\n<p><em><strong>Celebrate diversity, math, and the power of storytelling! <\/strong><\/em><\/p>\n\n\n\n<p>Rafael quiere proteger sus juguetes de Essie, su hermanita. Para eso busca materiales en su casa para construir un muro que sea lo suficientemente alto y ancho como para que Essie no pase. \u00bfPero ese muro ser\u00e1 lo suficientemente fuerte? \u00bfY qu\u00e9 quiere Essie realmente? Esta es una exploraci\u00f3n divertida del espacio f\u00edsico y de la geometr\u00eda, la cual presenta personajes chicanos (mexicoamericanos) e incluye un glosario de palabras en espa\u00f1ol. <\/p>\n\n\n\n<p><em>Rafael wants to protect his toys from his little sister, Essie. Gathering materials from around the house, he builds a wall tall enough and wide enough to keep her out. But will it be strong enough? And what does Essie really want? A playful exploration of physical space and geometry, featuring Chicanx (Mexican American) characters and a glossary of Spanish words. <\/em><\/p>\n\n\n\n<p> Los libros de la serie Cuentos matem\u00e1ticos celebran las aventuras diarias de ni\u00f1os que usan las matem\u00e1ticas mientras juegan, construyen y descubren el mundo que los rodea. Historias divertidas y actividades pr\u00e1cticas facilitan que tanto los ni\u00f1os como los adultos exploren juntos&nbsp; las matem\u00e1ticas de la vida diaria. Fue desarrollada junto a expertos en el curr\u00edculum STEM, pertenecientes a TERC Inc., organizaci\u00f3n sin fines de lucro, bajo una subvenci\u00f3n otorgada por Heising-Simons Foundation.  <\/p>\n\n\n\n<p><em><a href=\"https:\/\/charlesbridge.com\/pages\/storytellingmath\">Storytelling Math<\/a>&nbsp;celebrates children using math in their daily adventures as they play, build, and discover the world around them. Joyful stories and hands-on activities make it easy for kids and their grown-ups to explore everyday math together. Developed in collaboration with math experts at STEM education nonprofit TERC, under a grant from the Heising-Simons Foundation. <\/em><\/p>\n\n\n\n<p class=\"has-text-align-center\" style=\"font-size:18px\"><a href=\"https:\/\/cdn.shopify.com\/s\/files\/1\/0750\/0101\/files\/again-essie-activity-guide.pdf?v=1651756385\">Download Activity Guide (English)<\/a><\/p>\n\n\n\n<p class=\"has-text-align-center\" style=\"font-size:18px\"><a href=\"https:\/\/cdn.shopify.com\/s\/files\/1\/0750\/0101\/files\/again-essie-activity-guide-spanish.pdf?v=1665767548\">Download Activity Guide (Spanish)<\/a><\/p>\n\n\n\n<p class=\"has-text-align-center\" style=\"font-size:18px\"><a href=\"https:\/\/www.penguinrandomhouse.com\/books\/705264\/essie-otra-vez--again-essie-by-jenny-lacika-author-teresa-martinez-illustrator\/\">Ordene Aqu\u00ed \/ Order Here<\/a><\/p>\n","protected":false},"excerpt":{"rendered":"<p>\u00a1Essie! \u00bfOtra vez? \/ Again, Essie? por Jenny Lacikailustrado por Teresa Mart\u00edneztraducido por Carlos E. Calvopublicado por Charlesbridge Publishing 18 octubre 2022 Hardcover ISBN: 9781623542214Paperback ISBN: 9781623542221Ebook ISBN: 9781632893154 A Bank Street Books Best Children&#8217;s Picture Book of the Year in Spanish for 2023. Featuring two Chicanx siblings, and their family in the background, this&#8230;<\/p>\n","protected":false},"author":1,"featured_media":0,"parent":17,"menu_order":0,"comment_status":"closed","ping_status":"closed","template":"","meta":{"footnotes":""},"class_list":["post-138","page","type-page","status-publish","hentry"],"_links":{"self":[{"href":"https:\/\/jennylacika.com\/home\/wp-json\/wp\/v2\/pages\/138","targetHints":{"allow":["GET"]}}],"collection":[{"href":"https:\/\/jennylacika.com\/home\/wp-json\/wp\/v2\/pages"}],"about":[{"href":"https:\/\/jennylacika.com\/home\/wp-json\/wp\/v2\/types\/page"}],"author":[{"embeddable":true,"href":"https:\/\/jennylacika.com\/home\/wp-json\/wp\/v2\/users\/1"}],"replies":[{"embeddable":true,"href":"https:\/\/jennylacika.com\/home\/wp-json\/wp\/v2\/comments?post=138"}],"version-history":[{"count":50,"href":"https:\/\/jennylacika.com\/home\/wp-json\/wp\/v2\/pages\/138\/revisions"}],"predecessor-version":[{"id":748,"href":"https:\/\/jennylacika.com\/home\/wp-json\/wp\/v2\/pages\/138\/revisions\/748"}],"up":[{"embeddable":true,"href":"https:\/\/jennylacika.com\/home\/wp-json\/wp\/v2\/pages\/17"}],"wp:attachment":[{"href":"https:\/\/jennylacika.com\/home\/wp-json\/wp\/v2\/media?parent=138"}],"curies":[{"name":"wp","href":"https:\/\/api.w.org\/{rel}","templated":true}]}}